{"id":20,"date":"2020-04-21T19:06:47","date_gmt":"2020-04-21T19:06:47","guid":{"rendered":"http:\/\/trauerreden-renatewrasse.de\/?page_id=20"},"modified":"2021-01-05T14:34:54","modified_gmt":"2021-01-05T13:34:54","slug":"leistungen-und-honorar","status":"publish","type":"page","link":"https:\/\/trauerreden-renatewrasse.de\/?page_id=20","title":{"rendered":"Leistungen und Honorar"},"content":{"rendered":"\n<p><strong>Pers\u00f6nliches Vorgespr\u00e4ch<\/strong><\/p>\n\n\n\n<p><strong>Erstellen der Abschiedsrede<\/strong><\/p>\n\n\n\n<p><strong>Musikst\u00fccke<\/strong><\/p>\n\n\n\n<p><strong>Musikanlage<\/strong><\/p>\n\n\n\n<p><strong>Organisatorisches in Absprache mit dem Bestatter<\/strong><\/p>\n\n\n\n<p><strong>Abschiedsrede bei der Trauerfeier<\/strong><\/p>\n\n\n\n<p><strong>Abschiedsritual<\/strong><\/p>\n\n\n\n<p><strong>Abschiedsworte an der Grabstelle<\/strong><\/p>\n\n\n\n<p><strong>Preis: ab \u20ac 390,- inclusive 30 Entfernungskilometer, jeder weitere Kilometer wird mit 0,50 \u20ac berechnet.<\/strong><\/p>\n\n\n\n<p><strong>Besondere W\u00fcnsche, Termine am Wochenende oder die Begleitung zur Seebestattung, werden individuell in Rechnung gestellt.<\/strong><\/p>\n","protected":false},"excerpt":{"rendered":"<p>Pers\u00f6nliches Vorgespr\u00e4ch Erstellen der Abschiedsrede Musikst\u00fccke Musikanlage Organisatorisches in Absprache mit dem Bestatter Abschiedsrede bei der Trauerfeier Abschiedsritual Abschiedsworte an der Grabstelle Preis: ab \u20ac 390,- inclusive 30 Entfernungskilometer, jeder weitere Kilometer wird mit 0,50 \u20ac berechnet. Besondere W\u00fcnsche, Termine am Wochenende oder die Begleitung zur Seebestattung, werden individuell in Rechnung gestellt.<\/p>\n","protected":false},"author":1,"featured_media":0,"parent":0,"menu_order":0,"comment_status":"closed","ping_status":"closed","template":"page-full-width.php","meta":{"footnotes":""},"class_list":["entry","page","publish","author-trsoltau","post-20"],"_links":{"self":[{"href":"https:\/\/trauerreden-renatewrasse.de\/index.php?rest_route=\/wp\/v2\/pages\/20"}],"collection":[{"href":"https:\/\/trauerreden-renatewrasse.de\/index.php?rest_route=\/wp\/v2\/pages"}],"about":[{"href":"https:\/\/trauerreden-renatewrasse.de\/index.php?rest_route=\/wp\/v2\/types\/page"}],"author":[{"embeddable":true,"href":"https:\/\/trauerreden-renatewrasse.de\/index.php?rest_route=\/wp\/v2\/users\/1"}],"replies":[{"embeddable":true,"href":"https:\/\/trauerreden-renatewrasse.de\/index.php?rest_route=%2Fwp%2Fv2%2Fcomments&post=20"}],"version-history":[{"count":5,"href":"https:\/\/trauerreden-renatewrasse.de\/index.php?rest_route=\/wp\/v2\/pages\/20\/revisions"}],"predecessor-version":[{"id":95,"href":"https:\/\/trauerreden-renatewrasse.de\/index.php?rest_route=\/wp\/v2\/pages\/20\/revisions\/95"}],"wp:attachment":[{"href":"https:\/\/trauerreden-renatewrasse.de\/index.php?rest_route=%2Fwp%2Fv2%2Fmedia&parent=20"}],"curies":[{"name":"wp","href":"https:\/\/api.w.org\/{rel}","templated":true}]}}