{"id":2,"date":"2016-05-10T03:48:21","date_gmt":"2016-05-10T03:48:21","guid":{"rendered":"http:\/\/trauerreden-renatewrasse.de\/?page_id=2"},"modified":"2020-05-24T17:25:50","modified_gmt":"2020-05-24T16:25:50","slug":"sample-page","status":"publish","type":"page","link":"https:\/\/trauerreden-renatewrasse.de\/","title":{"rendered":""},"content":{"rendered":"\n<p><\/p>\n\n\n\n<p style=\"color:#0c0c0c\" class=\"has-text-color\"><strong>Ein Trauerfall ist eingetreten und Sie als die Hinterbliebenen haben in dieser schweren Zeit eine F\u00fclle von Entscheidungen zu treffen. Ihr Bestatter k\u00fcmmert sich um die Rahmenbedingungen, den Ablauf und steht Ihnen zur Seite.<\/strong><\/p>\n\n\n\n<p><strong>Die Frage, die f\u00fcr nicht konfessionelle Menschen auftaucht, ist h\u00e4ufig: <\/strong><\/p>\n\n\n\n<p><strong>\u201eWer spricht? Wer kann den Verstorbenen respektvoll in den Mittelpunkt stellen und f\u00fcr alle Trauernden einen empathischen und wertsch\u00e4tzenden Inhalt zum Ausdruck bringen?\u201c<\/strong><\/p>\n\n\n\n<p><strong>Vom vertraulichen, einf\u00fchlsamen Vorgespr\u00e4ch bis zu den Abschiedsworten an der Grabstelle, bin ich mit meiner Erfahrung bei Ihnen.<\/strong><\/p>\n\n\n\n<p><strong>Ich freue mich, von Ihnen zu h\u00f6ren.<\/strong><\/p>\n\n\n\n<p><strong>Herzlichst,<\/strong><\/p>\n\n\n\n<p><strong>Ihre Renate Wrasse<\/strong><\/p>\n","protected":false},"excerpt":{"rendered":"<p>Ein Trauerfall ist eingetreten und Sie als die Hinterbliebenen haben in dieser schweren Zeit eine F\u00fclle von Entscheidungen zu treffen. Ihr Bestatter k\u00fcmmert sich um die Rahmenbedingungen, den Ablauf und steht Ihnen zur Seite. Die Frage, die f\u00fcr nicht konfessionelle Menschen auftaucht, ist h\u00e4ufig: \u201eWer spricht? Wer kann den Verstorbenen respektvoll in den Mittelpunkt stellen &#8230; <span class=\"more\"><a class=\"more-link\" href=\"https:\/\/trauerreden-renatewrasse.de\/\">[Read more&#8230;]<\/a><\/span><\/p>\n","protected":false},"author":1,"featured_media":0,"parent":0,"menu_order":0,"comment_status":"closed","ping_status":"closed","template":"page-full-width.php","meta":{"footnotes":""},"class_list":["entry","page","publish","author-trsoltau","post-2"],"_links":{"self":[{"href":"https:\/\/trauerreden-renatewrasse.de\/index.php?rest_route=\/wp\/v2\/pages\/2"}],"collection":[{"href":"https:\/\/trauerreden-renatewrasse.de\/index.php?rest_route=\/wp\/v2\/pages"}],"about":[{"href":"https:\/\/trauerreden-renatewrasse.de\/index.php?rest_route=\/wp\/v2\/types\/page"}],"author":[{"embeddable":true,"href":"https:\/\/trauerreden-renatewrasse.de\/index.php?rest_route=\/wp\/v2\/users\/1"}],"replies":[{"embeddable":true,"href":"https:\/\/trauerreden-renatewrasse.de\/index.php?rest_route=%2Fwp%2Fv2%2Fcomments&post=2"}],"version-history":[{"count":7,"href":"https:\/\/trauerreden-renatewrasse.de\/index.php?rest_route=\/wp\/v2\/pages\/2\/revisions"}],"predecessor-version":[{"id":69,"href":"https:\/\/trauerreden-renatewrasse.de\/index.php?rest_route=\/wp\/v2\/pages\/2\/revisions\/69"}],"wp:attachment":[{"href":"https:\/\/trauerreden-renatewrasse.de\/index.php?rest_route=%2Fwp%2Fv2%2Fmedia&parent=2"}],"curies":[{"name":"wp","href":"https:\/\/api.w.org\/{rel}","templated":true}]}}